b?
2
Let n(d) = d**2 + 8*d - 4. Let o be n(-8). Let h be (-2)/(-6) - (-128)/12. Let f = h + o. What is the units digit of f?
7
Let u be (-23 - -11) + 1*3. Let y be (6/u)/((-2)/129). Let l = 71 - y. What is the units digit of l?
8
Suppose 3*x = -13*c + 8*c - 28, 4*c + 23 = -3*x. What is the tens digit of (78/x)/((-1)/((-28)/(-21)))?
0
Let a(k) = -k**2 + k - 34. Let y be a(0). Let t be (-1 + 2 + -48)*1. Let w = y - t. What is the tens digit of w?
1
Suppose 0 = 5*a - q - 5, 5*a - 4*q - 10 = -2*q. Suppose -u = -a*u - 4*r - 186, -2*u + r = -351. What is the tens digit of u?
7
Suppose 31 = 5*n + 2*f, -5*n + 2*f + 4 = -3*n. Suppose -j - 5*x - 32 + 130 = 0, n*j = x + 542. What is the hundreds digit of j?
1
Suppose -2*z - 30*p = -28*p - 6616, 13230 = 4*z + 5*p. What is the hundreds digit of z?
3
Suppose -r - 46 + 289 = 0. Suppose 11*k = 8*k + r. What is the tens digit of k?
8
Suppose 21*b - 32160 = -9*b. What is the thousands digit of b?
1
Let n(l) = l**3 - 31*l**2 - 9*l + 50. What is the units digit of n(33)?
1
Let y(i) = 3*i - 8 - 2*i + 2 + i. Let r be y(4). Suppose 0 = r*n - 7 - 1, -4*p + 5*n = -4. What is the units digit of p?
6
Suppose b - 1 - 4 = 0, -10 = -3*z + 4*b. Suppose 51 = -z*u + 13*u. What is the tens digit of u?
1
Suppose 0 = -5*h - 2*q + 276, 33*h + 3*q = 32*h + 63. What is the units digit of h?
4
Let i(v) be the second derivative of -v**4/12 + 13*v**3/6 - 3*v**2 - 5*v. What is the tens digit of i(8)?
3
Let m = -316 + 1393. What is the tens digit of m?
7
Let z(n) = -n**2 + 11*n - 13. Let h be (-164)/14 - 6/21. Let m = -5 - h. What is the units digit of z(m)?
5
Let h(a) = -45*a - 55. What is the hundreds digit of h(-4)?
1
Let b(f) = 15*f - 31. What is the tens digit of b(8)?
8
Let i(g) be the third derivative of -g**6/120 - g**5/4 + 2*g**4/3 + 2*g**3 - 9*g**2. What is the units digit of i(-16)?
2
Let a(f) = 10*f**2 + 7. Let q be a(4). Let p = q - 39. What is the tens digit of p?
2
Let n(z) = 167*z - 160 + 15*z + 159. What is the tens digit of n(1)?
8
Suppose 25*c - 22*c - 12360 = 4*z, 5*c = -4*z + 20600. What is the thousands digit of c?
4
Suppose 2*c - 82 - 75 = -w, 5*w - 2*c - 737 = 0. What is the hundreds digit of w?
1
Suppose 1490 = u + x, 0*x - 1481 = -u - 4*x. What is the tens digit of u?
9
Suppose 80*a = 57*a + 575. What is the tens digit of a?
2
Let t(b) be the third derivative of -b**4/12 - 10*b**3/3 - 6*b**2. Let v be t(-11). Suppose r = -v*r + 117. What is the tens digit of r?
3
What is the tens digit of (0/(-1) - -1)/((-105)/(-61425))?
8
Let k = 5 + 532. What is the tens digit of k?
3
Let x = -908 + 1337. What is the hundreds digit of x?
4
Suppose 0 = -11*x + 11988 + 24356. Suppose -x = -12*a - 2*a. What is the hundreds digit of a?
2
Let i(g) = 461*g + 309. What is the thousands digit of i(5)?
2
Let p(h) = -35*h**3 - 3*h**2 - 3*h. Suppose -7*i - 8 = -3*i. What is the units digit of p(i)?
4
Let i(b) = 2*b**2 - 13*b - 12. Let m be i(7). What is the hundreds digit of (-1118)/m + -1 + 4/10?
2
Let k = 900 + -633. What is the hundreds digit of k?
2
Suppose -1 = v - 3. Suppose 2*y - 24 = 5*q + v, 5*y - 31 = 4*q. Let u = y - -20. What is the tens digit of u?
2
What is the thousands digit of 9/(-27)*-3783 - 3?
1
Let a = -281 - -194. Let y = -46 - a. What is the tens digit of y?
4
Let h = -265 - -474. Let b = h + -115. What is the units digit of b?
4
Let l = -4 + 4. Suppose l = -14*x + 10*x + 704. What is the tens digit of x?
7
Let q(i) = -4*i**2 - 7*i - 1. Let v be q(5). Let j be 16/(-88) + v/(-22). Suppose -p - x = -0*x - 21, 0 = 3*x - j. What is the tens digit of p?
1
Suppose p - 2*p = -4. Suppose -2*f - 2*f = -5*k - 15, -3*f = -p*k - 12. Suppose -w + l = -l - 56, 3*l + 15 = f. What is the tens digit of w?
4
Let k(h) = h**2 + 13*h + 41. What is the units digit of k(31)?
5
Let t = -20 + 11. Let w = t - -15. Let v = 12 - w. What is the units digit of v?
6
Let n(b) = 5*b**2 + 12*b + 3. Let c be n(-4). What is the units digit of ((-2)/(-7) + 6990/c)*1?
0
Suppose -k + 32 = 26. What is the units digit of -5*(-3 + k - 5)?
0
Let f(x) = -2*x**2 + x + 16. Let d be f(-12). What is the tens digit of (-12)/42 + d/(-14)?
2
Suppose 2*m = -0*m - 4. Let z be (-4 + 3)/(m/18). Suppose 72 = -z*n + 12*n. What is the units digit of n?
4
Suppose -2*f + d = -d - 828, 0 = -4*f - 5*d + 1620. What is the units digit of f?
0
Suppose -2*p = -4*c - 323 - 121, -4*p + 4*c = -884. What is the hundreds digit of p?
2
Suppose -m - 3 = -2. Let n(t) = -t**2 - t. Let w be n(m). What is the units digit of 2/((-4)/(-36) - w)?
8
Let p(q) = -q**3 - 2*q**2 + 8*q - 15. Let u be p(-6). Let s(z) = z**2 + z - 1. Let d be s(5). Suppose d = -x + u. What is the tens digit of x?
5
Let p(z) = 4*z**2 + 19*z - 41. What is the thousands digit of p(27)?
3
Suppose 0 = -576*s + 528*s + 215376. What is the units digit of s?
7
Let r(x) be the first derivative of x**4/4 - 4*x**3/3 - 5*x**2/2 + 2*x + 1. Let n be r(5). Suppose -n*l - 2 = -10. What is the units digit of l?
4
Let s(t) = -20*t - 1. Let a be s(1). Let w = a + 25. Suppose 0*k = -j + k + 39, -w*j + 147 = -k. What is the units digit of j?
6
Suppose 668 = 28*u - 26*u. What is the hundreds digit of u?
3
Suppose 2*u + 18 = 5*u. Suppose -4*a + b = -370, u*a - 3*a + 3*b - 285 = 0. What is the tens digit of a?
9
Let d be 0 - (-1 - -3)*-1. Suppose d*x = 3*u + 17, -u - 23 = -0*x - 5*x. What is the units digit of 2/(u - 21/(-6))?
4
Let m = 2842 + -1569. What is the units digit of m?
3
Let b(o) = 5*o + 43. Let d(w) = -5*w - 42. Let h(k) = -5*b(k) - 6*d(k). What is the units digit of h(6)?
7
Suppose -t = -0*t + 2*s + 14, 2*t - 5*s - 17 = 0. Let j(u) = 0*u + 4*u + 8*u**2 - 2 - 2*u - 4*u**2. What is the units digit of j(t)?
4
Suppose -5*j + j + 12 = -4*k, 0 = -2*j + 5*k + 3. Let h(p) = 8*p + 4. Let d be h(j). Suppose 2*l = 3*l - d. What is the tens digit of l?
3
Let s(r) = 4*r. Let k be s(1). Suppose 2*o + 6 = k*o. What is the units digit of o/(0 + 2/6)?
9
Suppose 2*h - 4*b = -12, 0 = -3*b + 5*b - 10. Suppose -1 + h = -p. What is the units digit of (-57)/((0 - p) + -4)?
7
Let y(u) = -u + 18. Let p(k) = -k**2 - 2*k + 11. Let d be p(0). What is the units digit of y(d)?
7
Let f(t) = 2*t**2 - 13*t - 15. Let q be f(11). Suppose 3*k = k + q. What is the tens digit of k?
4
Suppose 5*w + 4 = w. Let u be (-3 - 4*w) + -3. What is the units digit of (-2 + 6)*(-16)/u?
2
Let z be (-5)/(3 + (-28)/8). Suppose 4*w - 26 + z = 0. What is the units digit of w?
4
Suppose 5*v = 2*s - 10490, 16 = -v + 5*v. What is the tens digit of s?
5
Suppose -3*k - 8 = -k. Let s = 11 + k. What is the units digit of (0 + 1)/(s/63)?
9
Let u(j) be the third derivative of -11/24*j**4 + 13*j**2 + 0 + 4/3*j**3 + 1/120*j**6 + 0*j - 1/5*j**5. What is the tens digit of u(13)?
3
Let d be 21*3*(3 + -2). Suppose -m - 498 = -4*b, -70 = -b - 5*m + 65. Let r = b - d. What is the units digit of r?
2
Let c(x) = 2*x**2 + 9*x + 24. Let r be 1 + (-2 - -3 - 8). What is the units digit of c(r)?
2
Let v be -3 + 30*3/6. Suppose 0*b - v = -4*b. Suppose q + 38 = b*q. What is the tens digit of q?
1
Suppose 9*a - 19 = 8. Suppose 148 + 119 = 3*k - 3*z, -a*z - 15 = 0. What is the units digit of k?
4
Let l(q) = 31*q**2 + 2*q + 1. Let b be l(-1). Suppose b = -d - d. What is the units digit of (-8)/(-10)*d/(-2)?
6
Suppose 4*x - 3*s - 10357 = 0, 6*s - 10*s = 5*x - 12985. What is the units digit of x?
3
Suppose g - 13 = -b, 4*g = -5*b + 40 + 16. Suppose -17 = -2*v + g. What is the units digit of v?
3
Suppose -y + 4*t = -5*y - 4, 11 = 5*y - 3*t. Let w(h) = 69*h**2 + 2*h - 2. What is the units digit of w(y)?
9
Suppose 7*z - 4*z = 0. Let s be 27/18*(50 - z). Suppose -4*g - 3*y + 6 + s = 0, 0 = g + 4*y - 4. What is the tens digit of g?
2
Let m be ((-173)/2)/(3/(-6)). Suppose -4*f = 20, -4*f - m = -3*k - 6*f. What is the units digit of k?
1
Let x = 1566 + 737. Suppose x = 14*m + 357. What is the hundreds digit of m?
1
Suppose k + g + 2*g - 14 = 0, 5*g - 5 = 0. Let x(t) be the third derivative of -t**5/60 + t**4/2 - 2*t**2. What is the units digit of x(k)?
1
Suppose c + 7 = 227. What is the hundreds digit of c?
2
Let a = 6 - -2. Let p be (-58)/18 - a/(-36). What is the tens digit of (-4 + p)*12/(-7)?
1
Suppose 0 = -0*q - 5*q - 155. Let b = q - -35. What is the units digit of b?
4
Let i(a) be the second derivative of a*